2*(2 + -2 + 3)?
1
Let b(c) = -c**2 + 71*c + 9. Let g(y) = 3*y**2 - 141*y - 16. Let t(i) = 9*b(i) + 4*g(i). What is the thousands digit of t(13)?
1
Suppose -2*u - z = -6836 - 10805, 5*u = -2*z + 44105. What is the units digit of u?
3
Suppose -16 = -4*s - l, -9*s - 11 = -6*s - 5*l. Suppose 257 = s*y - 151. What is the hundreds digit of y?
1
Let g be 1/(-3) - 5635/15. Let i be (-4)/(-2) + g/4. What is the units digit of (-6)/(-10) - i/5?
9
Suppose -639*q + 586*q = -836870. What is the thousands digit of q?
5
Let v(s) = -s**2 - 17*s - 45. Let g be v(-13). Suppose g*o - 1763 = 1296. What is the hundreds digit of o?
4
Suppose 0 = -0*n - 2*n + 3*u + 901, 5*n + 3*u = 2200. Suppose 5*b + 165 = r, 3*b + 112 + n = 3*r. What is the hundreds digit of r?
1
What is the units digit of (1101507/638)/((1 + 1)/4)?
3
Suppose -52085 = -33*l + 4782 + 46786. What is the units digit of l?
1
Let l be (1488/(-20))/((-8)/680). Suppose 5*v + 3*y - 6334 = y, 0 = 5*v - 3*y - l. What is the units digit of v?
6
Let o(w) = 70*w - 27. Suppose -n + 6*g = g - 1, 13 = 2*n + g. What is the hundreds digit of o(n)?
3
What is the units digit of (6 + 3746)*1 - (9 - -1)?
2
Suppose 0 = z - 2*r - 629, 8*z - 10*z = -2*r - 1268. Suppose 3*q - 4410 + z = -2*i, -3*i - 9 = 0. What is the tens digit of q?
5
Let k = 12699 + -6679. Suppose k = -53*g + 63*g. What is the hundreds digit of g?
6
Suppose 0 = 9*k - 12*k + 29133. Suppose k = -11*d - 17481. What is the hundreds digit of 1*(1/(-2))/(12/d)?
1
Let o be 154/385 + (4/(-5))/2. Suppose o = -8*b + 13*b - 2870. What is the hundreds digit of b?
5
Let k(o) = 228*o**2 + 310*o + 27. What is the tens digit of k(-10)?
2
Let b(i) = 383*i**2 + 83*i + 6. What is the tens digit of b(7)?
5
Let i = -19 - -20. Let q be (i - -2) + 1 + 0. What is the units digit of -1 - (q + -6)*3?
5
Suppose -43*o = -44*o + 4*z - 91, -136 = o + 5*z. Let h = 583 + o. What is the tens digit of h?
7
Let f = 24718 + -13186. What is the tens digit of f?
3
Let n(p) = p + 25. Suppose 0 = -3*a + 43 + 164. Suppose -12*s = -a - 87. What is the units digit of n(s)?
8
Let x = 19 - 21. Let j(l) = 2*l**3 + 3*l**2 - 2. Let u be j(x). What is the units digit of (15 - 16)/(1/u)?
6
Suppose o + 582216 - 26436 = 31*o. What is the tens digit of o?
2
Suppose 4*b = -96 + 576. Let k = b - -12. Suppose 0 = 4*q - 4*t - k - 252, 4*t = -3*q + 274. What is the units digit of q?
4
Let r = -183 + 179. What is the hundreds digit of 360 - (r/1 - (-36)/9)?
3
Let n(w) = -768*w - 9895. What is the hundreds digit of n(-46)?
4
Let l be -1*(77/(-22) - 1/(-2)). Let k(s) = 18 + s + 16 + 17 - 63 - 11*s**2 - s**l. What is the hundreds digit of k(-12)?
1
Let l be -3 - ((-64)/(-10))/(8/20). Let b(f) = -f**3 - 17*f**2 + 116. What is the hundreds digit of b(l)?
8
Let n(y) = -55*y**3 + 15*y**2 - 22*y - 12. What is the units digit of n(-6)?
0
Let k = 33269 - 15562. Suppose -26*s + 16925 + k = 0. What is the tens digit of s?
3
Let a(i) = -i**2 - 20*i + 29. Let b(g) = -2*g. Suppose -12 + 6 = -c. Let n be b(c). What is the tens digit of a(n)?
2
Let h(r) = 59562*r**3 + 76*r**2 - 71*r - 3. What is the units digit of h(1)?
4
Let c(p) = -2*p**3 + 15*p**2 - 13*p - 22. Let j be c(6). Suppose j = -5*h + 7*h, 0 = 3*u + h - 1240. What is the hundreds digit of u?
4
Suppose -6*d + 171054 = 2*d + 8214. What is the thousands digit of d?
0
Let j = -254 - -256. Suppose -l - 2*l + 9 = 0. Suppose -l*v - t = -j*t - 502, -2*t = -2*v + 332. What is the units digit of v?
8
Let r be (-6)/(-8) - 68/(-16). Let y be ((-336)/147)/(10/(-1505)). Suppose -y = -r*s + s. What is the units digit of s?
6
Let s = 12496 + 13783. What is the units digit of s?
9
Let t(b) = -31*b + 568. What is the tens digit of t(-26)?
7
Let k = -80 - -77. Let x be (3 - (-26)/k) + 3/(-9). What is the units digit of x/(-18) + 2600/12?
7
Let r(l) = 30*l - 118. Let i be r(4). Suppose 624 = -2*b - 4*x + 1610, -4*b + 2022 = -i*x. What is the hundreds digit of b?
5
Let u = -7781 - -13315. What is the thousands digit of u?
5
Let v(x) = 3854*x + 10025. What is the tens digit of v(10)?
6
Let r = 14 + -27. Let w(l) = l**3 + 14*l**2 + 9*l + 18. Let b be w(r). Let j = -46 + b. What is the tens digit of j?
2
Let v be -3*(10/(-3) + (5 - 2)). Let c(o) = 6*o**3 - o**2 + o - 1. Let y be c(v). Suppose 630 = -u + 6*u + y*s, -u + 96 = -5*s. What is the hundreds digit of u?
1
Let x(h) = -h**3 - 17*h**2 - 16*h + 4. Let p be x(-16). Suppose 13 = -p*d - 3. What is the units digit of (-8)/6*18/d?
6
Let x(b) = 98*b - 187. Let p be x(9). Let u = -261 + p. What is the units digit of u?
4
Suppose -3*s + u = -60411, 0 = -5*s - 1684*u + 1686*u + 100686. What is the tens digit of s?
3
Let a = 248 - 146. Suppose 0 = -9*u + 11*u - 4. Suppose -4*l + 6*l - a = -2*d, 5*d = u*l - 123. What is the tens digit of l?
5
Let o(c) = -c**2 + 7*c + 29. Let f be o(7). Let l = -24 + f. Suppose l*z + 0 = 10, -4*z + 380 = 4*n. What is the units digit of n?
3
Suppose -8702 = -3*h - y + 15589, 4*y = h - 8084. What is the units digit of h?
6
Let p(z) = -z**2 + 10*z + 58. Let c be p(14). Suppose 0 = -5*r + c*d + d + 1570, -r = 5*d - 286. What is the tens digit of r?
1
Suppose 4*x - 4*l = 18 - 2, -8 = 4*x + 2*l. Suppose x = 2*o - 2*n - 8, -2*o + 4*o + 8 = -2*n. Suppose 7*s - 2*s - 35 = o. What is the units digit of s?
7
What is the units digit of (-56)/(-42)*9*68505/20?
3
Let u(y) = -86*y - 32. Let p be u(-2). Suppose b = -4*b - 4*d + 180, p = 3*b - 4*d. What is the tens digit of b?
4
Let r = -2232 - -5792. What is the thousands digit of r?
3
Let i be 5*35/(-75)*21. What is the tens digit of -5*(-6)/15 - (i - 12)?
6
Let l = 161 - -188. Suppose 293 = 3*x - l. What is the tens digit of x?
1
Let s = 519 + -516. Suppose -2*t = s*q - 1931, -5138 = -4*t - q - 1291. What is the units digit of t?
1
Let m(z) = z**3 - 6*z**2 + 18*z - 4. Let h(f) = 2*f**3 - 7*f**2 + 20*f - 3. Let v(i) = -3*h(i) + 4*m(i). What is the units digit of v(-7)?
8
Suppose 3*l - 16 = l. Let b = 98 - l. What is the tens digit of b?
9
Let w be (-8)/12 - (-36520)/(-12). Let x = -1774 - w. What is the units digit of x?
0
Let f(h) be the second derivative of -7*h**3/6 - 17*h**2/2 - 16*h. Let b be f(-11). Suppose -3*p = -b + 6. What is the tens digit of p?
1
Let s(i) = i**2 - i - 6. Let q(r) = -1. Let h = -47 + 42. Let g(t) = h*q(t) + s(t). What is the units digit of g(-1)?
1
Suppose 6*z - 44 - 238 = 0. Suppose -3*x = 2*t + 290, x + t + z = -48. Let y = x - -158. What is the tens digit of y?
5
Let a = 36 + -8. Suppose 3*d + a = -32. Let l = d - -59. What is the units digit of l?
9
Suppose -2*i = -310*l + 313*l - 7688, -l - 11554 = -3*i. What is the tens digit of i?
5
Let i = 15765 - -32400. What is the hundreds digit of i?
1
Suppose -5*h + x + 11889 = 0, -h - 4*x + 2369 = -2*x. What is the thousands digit of h?
2
Let c = -175 + 121. Let g be (-4 + 5)*(-476)/(-7). Let v = c + g. What is the tens digit of v?
1
Suppose -113*b = -124*b + 8547. Suppose -3*l - 9*i + 5*i + b = 0, -2*i + 6 = 0. What is the tens digit of l?
5
Suppose 3*y + 1 + 11 = -4*q, 4*q = -4*y - 12. Let o(r) = -54*r**2 - 6*r - 2. Let z(d) = 11*d**2 + d. Let b(w) = -o(w) - 3*z(w). What is the tens digit of b(q)?
8
Suppose 5*t + 3 = 13. Suppose -t*n + 8 = 2*n. Suppose 3*x - 160 = -n*x. What is the units digit of x?
2
Let u(p) = 30*p + 60. Let k be u(-4). Let h = -43 - k. What is the tens digit of h?
1
Suppose -2*k = 2*k - 572. Let g be 6*-1*(-4 - 3). Let x = k - g. What is the units digit of x?
1
Let x = 2157 - -10675. What is the tens digit of x?
3
Suppose -65 = 7*b - 23. What is the hundreds digit of b/(-5) + (-12297)/(-15)?
8
What is the thousands digit of -6*(-13 - (-18980)/(-8))?
4
Let s be (-10 + 9)/(1/113). Let h = s + 179. Suppose -199 - h = -5*j. What is the tens digit of j?
5
Let x be ((-26)/(-22) - 1) + 34809/33. Suppose -5*r - 5*k + x = -0*k, 0 = -2*r - 4*k + 422. Let o = r + -112. What is the tens digit of o?
9
Suppose -3*b - 61 - 248 = 0. Let w = b + 498. What is the tens digit of w?
9
Let s(f) = -f**3 - 43*f**2 - 129*f - 49. What is the units digit of s(-51)?
8
Suppose -3*y - 46 = -31. What is the units digit of (-60095)/(-175) + 2/y?
3
Let s(c) be the third derivative of -89*c**4/8 - 35*c**3/3 - 4*c**2 - 1. What is the hundreds digit of s(-3)?
7
Let u = -1562 - -12827. What is the units digit of 